{"id":8441,"date":"2024-09-03T13:21:59","date_gmt":"2024-09-03T16:21:59","guid":{"rendered":"https:\/\/swissnex.org\/brazil\/?page_id=8441"},"modified":"2024-09-03T13:24:43","modified_gmt":"2024-09-03T16:24:43","slug":"mission-organization","status":"publish","type":"page","link":"https:\/\/swissnex.org\/brazil\/mission-organization\/","title":{"rendered":"Mission &amp; Organization"},"content":{"rendered":"","protected":false},"excerpt":{"rendered":"","protected":false},"author":40,"featured_media":0,"parent":0,"menu_order":0,"comment_status":"closed","ping_status":"closed","template":"","meta":{"_acf_changed":false,"_relevanssi_hide_post":"","_relevanssi_hide_content":"","_relevanssi_pin_for_all":"","_relevanssi_pin_keywords":"","_relevanssi_unpin_keywords":"","_relevanssi_related_keywords":"","_relevanssi_related_include_ids":"","_relevanssi_related_exclude_ids":"","_relevanssi_related_no_append":"","_relevanssi_related_not_related":"","_relevanssi_related_posts":"","_relevanssi_noindex_reason":"","footnotes":""},"class_list":["post-8441","page","type-page","status-publish","hentry"],"acf":[],"yoast_head":"<!-- This site is optimized with the Yoast SEO plugin v27.2 - https:\/\/yoast.com\/product\/yoast-seo-wordpress\/ -->\n<title>Mission &amp; Organization - Swissnex no Brasil<\/title>\n<meta name=\"robots\" content=\"index, follow, max-snippet:-1, max-image-preview:large, max-video-preview:-1\" \/>\n<link rel=\"canonical\" href=\"https:\/\/swissnex.org\/brazil\/mission-organization\/\" \/>\n<meta property=\"og:locale\" content=\"en_US\" \/>\n<meta property=\"og:type\" content=\"article\" \/>\n<meta property=\"og:title\" content=\"Mission &amp; Organization - Swissnex no Brasil\" \/>\n<meta property=\"og:url\" content=\"https:\/\/swissnex.org\/brazil\/mission-organization\/\" \/>\n<meta property=\"og:site_name\" content=\"Swissnex no Brasil\" \/>\n<meta property=\"article:modified_time\" content=\"2024-09-03T16:24:43+00:00\" \/>\n<meta property=\"og:image\" content=\"https:\/\/swissnex.org\/app\/uploads\/sites\/9\/2024\/07\/IMG_2911-scaled-1200x628-c-default.jpg\" \/>\n\t<meta property=\"og:image:width\" content=\"1200\" \/>\n\t<meta property=\"og:image:height\" content=\"628\" \/>\n\t<meta property=\"og:image:type\" content=\"image\/jpg\" \/>\n<meta name=\"twitter:card\" content=\"summary_large_image\" \/>\n<script type=\"application\/ld+json\" class=\"yoast-schema-graph\">{\"@context\":\"https:\/\/schema.org\",\"@graph\":[{\"@type\":\"WebPage\",\"@id\":\"https:\/\/swissnex.org\/brazil\/mission-organization\/\",\"url\":\"https:\/\/swissnex.org\/brazil\/mission-organization\/\",\"name\":\"Mission &amp; Organization - Swissnex no Brasil\",\"isPartOf\":{\"@id\":\"https:\/\/swissnex.org\/brazil\/#website\"},\"datePublished\":\"2024-09-03T16:21:59+00:00\",\"dateModified\":\"2024-09-03T16:24:43+00:00\",\"breadcrumb\":{\"@id\":\"https:\/\/swissnex.org\/brazil\/mission-organization\/#breadcrumb\"},\"inLanguage\":\"en-US\",\"potentialAction\":[{\"@type\":\"ReadAction\",\"target\":[\"https:\/\/swissnex.org\/brazil\/mission-organization\/\"]}]},{\"@type\":\"BreadcrumbList\",\"@id\":\"https:\/\/swissnex.org\/brazil\/mission-organization\/#breadcrumb\",\"itemListElement\":[{\"@type\":\"ListItem\",\"position\":1,\"name\":\"Home\",\"item\":\"https:\/\/swissnex.org\/brazil\/\"},{\"@type\":\"ListItem\",\"position\":2,\"name\":\"Mission &amp; Organization\"}]},{\"@type\":\"WebSite\",\"@id\":\"https:\/\/swissnex.org\/brazil\/#website\",\"url\":\"https:\/\/swissnex.org\/brazil\/\",\"name\":\"Swissnex no Brasil\",\"description\":\"Conectando o mundo e a Su\u00ed\u00e7a em ci\u00eancia, educa\u00e7\u00e3o, arte e inova\u00e7\u00e3o.\",\"publisher\":{\"@id\":\"https:\/\/swissnex.org\/brazil\/#organization\"},\"potentialAction\":[{\"@type\":\"SearchAction\",\"target\":{\"@type\":\"EntryPoint\",\"urlTemplate\":\"https:\/\/swissnex.org\/brazil\/?s={search_term_string}\"},\"query-input\":{\"@type\":\"PropertyValueSpecification\",\"valueRequired\":true,\"valueName\":\"search_term_string\"}}],\"inLanguage\":\"en-US\"},{\"@type\":\"Organization\",\"@id\":\"https:\/\/swissnex.org\/brazil\/#organization\",\"name\":\"Swissnex no Brasil\",\"url\":\"https:\/\/swissnex.org\/brazil\/\",\"logo\":{\"@type\":\"ImageObject\",\"inLanguage\":\"en-US\",\"@id\":\"https:\/\/swissnex.org\/brazil\/#\/schema\/logo\/image\/\",\"url\":\"https:\/\/swissnex.org\/app\/uploads\/sites\/9\/2022\/02\/SN_POS_RGB.png\",\"contentUrl\":\"https:\/\/swissnex.org\/app\/uploads\/sites\/9\/2022\/02\/SN_POS_RGB.png\",\"width\":3300,\"height\":1218,\"caption\":\"Swissnex no Brasil\"},\"image\":{\"@id\":\"https:\/\/swissnex.org\/brazil\/#\/schema\/logo\/image\/\"}}]}<\/script>\n<!-- \/ Yoast SEO plugin. -->","yoast_head_json":{"title":"Mission &amp; Organization - Swissnex no Brasil","robots":{"index":"index","follow":"follow","max-snippet":"max-snippet:-1","max-image-preview":"max-image-preview:large","max-video-preview":"max-video-preview:-1"},"canonical":"https:\/\/swissnex.org\/brazil\/mission-organization\/","og_locale":"en_US","og_type":"article","og_title":"Mission &amp; Organization - Swissnex no Brasil","og_url":"https:\/\/swissnex.org\/brazil\/mission-organization\/","og_site_name":"Swissnex no Brasil","article_modified_time":"2024-09-03T16:24:43+00:00","og_image":[{"url":"https:\/\/swissnex.org\/app\/uploads\/sites\/9\/2024\/07\/IMG_2911-scaled-1200x628-c-default.jpg","width":1200,"height":628,"type":"image\/jpg"}],"twitter_card":"summary_large_image","schema":{"@context":"https:\/\/schema.org","@graph":[{"@type":"WebPage","@id":"https:\/\/swissnex.org\/brazil\/mission-organization\/","url":"https:\/\/swissnex.org\/brazil\/mission-organization\/","name":"Mission &amp; Organization - Swissnex no Brasil","isPartOf":{"@id":"https:\/\/swissnex.org\/brazil\/#website"},"datePublished":"2024-09-03T16:21:59+00:00","dateModified":"2024-09-03T16:24:43+00:00","breadcrumb":{"@id":"https:\/\/swissnex.org\/brazil\/mission-organization\/#breadcrumb"},"inLanguage":"en-US","potentialAction":[{"@type":"ReadAction","target":["https:\/\/swissnex.org\/brazil\/mission-organization\/"]}]},{"@type":"BreadcrumbList","@id":"https:\/\/swissnex.org\/brazil\/mission-organization\/#breadcrumb","itemListElement":[{"@type":"ListItem","position":1,"name":"Home","item":"https:\/\/swissnex.org\/brazil\/"},{"@type":"ListItem","position":2,"name":"Mission &amp; Organization"}]},{"@type":"WebSite","@id":"https:\/\/swissnex.org\/brazil\/#website","url":"https:\/\/swissnex.org\/brazil\/","name":"Swissnex no Brasil","description":"Conectando o mundo e a Su\u00ed\u00e7a em ci\u00eancia, educa\u00e7\u00e3o, arte e inova\u00e7\u00e3o.","publisher":{"@id":"https:\/\/swissnex.org\/brazil\/#organization"},"potentialAction":[{"@type":"SearchAction","target":{"@type":"EntryPoint","urlTemplate":"https:\/\/swissnex.org\/brazil\/?s={search_term_string}"},"query-input":{"@type":"PropertyValueSpecification","valueRequired":true,"valueName":"search_term_string"}}],"inLanguage":"en-US"},{"@type":"Organization","@id":"https:\/\/swissnex.org\/brazil\/#organization","name":"Swissnex no Brasil","url":"https:\/\/swissnex.org\/brazil\/","logo":{"@type":"ImageObject","inLanguage":"en-US","@id":"https:\/\/swissnex.org\/brazil\/#\/schema\/logo\/image\/","url":"https:\/\/swissnex.org\/app\/uploads\/sites\/9\/2022\/02\/SN_POS_RGB.png","contentUrl":"https:\/\/swissnex.org\/app\/uploads\/sites\/9\/2022\/02\/SN_POS_RGB.png","width":3300,"height":1218,"caption":"Swissnex no Brasil"},"image":{"@id":"https:\/\/swissnex.org\/brazil\/#\/schema\/logo\/image\/"}}]}},"_links":{"self":[{"href":"https:\/\/swissnex.org\/brazil\/wp-json\/wp\/v2\/pages\/8441","targetHints":{"allow":["GET"]}}],"collection":[{"href":"https:\/\/swissnex.org\/brazil\/wp-json\/wp\/v2\/pages"}],"about":[{"href":"https:\/\/swissnex.org\/brazil\/wp-json\/wp\/v2\/types\/page"}],"author":[{"embeddable":true,"href":"https:\/\/swissnex.org\/brazil\/wp-json\/wp\/v2\/users\/40"}],"replies":[{"embeddable":true,"href":"https:\/\/swissnex.org\/brazil\/wp-json\/wp\/v2\/comments?post=8441"}],"version-history":[{"count":3,"href":"https:\/\/swissnex.org\/brazil\/wp-json\/wp\/v2\/pages\/8441\/revisions"}],"predecessor-version":[{"id":8493,"href":"https:\/\/swissnex.org\/brazil\/wp-json\/wp\/v2\/pages\/8441\/revisions\/8493"}],"wp:attachment":[{"href":"https:\/\/swissnex.org\/brazil\/wp-json\/wp\/v2\/media?parent=8441"}],"curies":[{"name":"wp","href":"https:\/\/api.w.org\/{rel}","templated":true}]}}